{"id":53,"date":"2022-04-05T21:09:37","date_gmt":"2022-04-05T21:09:37","guid":{"rendered":"https:\/\/nagydesign.hu\/?page_id=53"},"modified":"2024-06-05T18:16:24","modified_gmt":"2024-06-05T18:16:24","slug":"about","status":"publish","type":"page","link":"https:\/\/nagydesign.hu\/?page_id=53","title":{"rendered":"R\u00f3lam"},"content":{"rendered":"\n<figure class=\"wp-block-image size-large is-resized\"><img loading=\"lazy\" decoding=\"async\" width=\"1024\" height=\"683\" src=\"https:\/\/nagydesign.hu\/wp-content\/uploads\/2022\/04\/nagy_tamas-44522_bw-1024x683.jpg\" alt=\"\" class=\"wp-image-479\" style=\"width:631px;height:421px\" srcset=\"https:\/\/nagydesign.hu\/wp-content\/uploads\/2022\/04\/nagy_tamas-44522_bw-1024x683.jpg 1024w, https:\/\/nagydesign.hu\/wp-content\/uploads\/2022\/04\/nagy_tamas-44522_bw-300x200.jpg 300w, https:\/\/nagydesign.hu\/wp-content\/uploads\/2022\/04\/nagy_tamas-44522_bw-768x512.jpg 768w, https:\/\/nagydesign.hu\/wp-content\/uploads\/2022\/04\/nagy_tamas-44522_bw-1536x1024.jpg 1536w, https:\/\/nagydesign.hu\/wp-content\/uploads\/2022\/04\/nagy_tamas-44522_bw-500x333.jpg 500w, https:\/\/nagydesign.hu\/wp-content\/uploads\/2022\/04\/nagy_tamas-44522_bw-900x600.jpg 900w, https:\/\/nagydesign.hu\/wp-content\/uploads\/2022\/04\/nagy_tamas-44522_bw-1360x907.jpg 1360w, https:\/\/nagydesign.hu\/wp-content\/uploads\/2022\/04\/nagy_tamas-44522_bw.jpg 1600w\" sizes=\"auto, (max-width: 1024px) 100vw, 1024px\" \/><\/figure>\n\n\n\n<p class=\"has-medium-font-size\"><strong>R\u00d3LAM<\/strong><\/p>\n\n\n\n<p>Nagy Tam\u00e1s vagyok, tervez\u0151grafikus m\u0171v\u00e9sz. Imm\u00e1r 16 \u00e9vnyi professzion\u00e1lis grafikusi tapasztalattal, nyitott vagyok szinte b\u00e1rmely tervez\u0151grafikai kih\u00edv\u00e1sra, online \u00e9s offline platformon egyar\u00e1nt. Legyen az log\u00f3, kis- \u00e9s nagy- arculattervez\u00e9s, DTP &#8211; nyomtatott kiadv\u00e1nyok tervez\u00e9se, prom\u00f3ci\u00f3s elemek tervez\u00e9se (pl.: sajt\u00f3fal, rollup, molin\u00f3, \u00e9p\u00fcleth\u00e1l\u00f3, beachflag, plak\u00e1tok, z\u00e1szl\u00f3k, standok, j\u00e1rm\u0171 matric\u00e1z\u00e1s, aj\u00e1nd\u00e9kt\u00e1rgyak, sz\u00f3l\u00f3aj\u00e1nd\u00e9kok) csomagol\u00e1stervez\u00e9s, c\u00edmke tervez\u00e9s, inf\u00f3grafika, inf\u00f3design, webdiz\u00e1jn, multim\u00e9di\u00e1s interakt\u00edv tartalmak applik\u00e1ci\u00f3k tervez\u00e9se, fot\u00f3z\u00e1s, vide\u00f3 k\u00e9sz\u00edt\u00e9s, dr\u00f3nfelv\u00e9telek k\u00e9sz\u00edt\u00e9se. Fontosnak tartom, hogy j\u00f3l m\u0171k\u00f6d\u0151 vizu\u00e1lis k\u00f6zeget \u00e9p\u00edtsek minden ter\u00fcleten, mely a kreat\u00edv megjelen\u00e9s mellett a funkci\u00f3j\u00e1t is j\u00f3l ell\u00e1tja. C\u00e9lom, hogy a tervez\u00e9s sor\u00e1n egyedi, m\u0171v\u00e9szi ig\u00e9nnyel \u00e1tgondolt grafik\u00e1kat hozzak l\u00e9tre, \u00edgy k\u00edn\u00e1lva megold\u00e1st minden megrendel\u0151mnek.&nbsp;<\/p>\n\n\n\n<p class=\"has-medium-font-size\">TANULM\u00c1NYOK&nbsp;<\/p>\n\n\n\n<ul class=\"wp-block-list\">\n<li><strong>2012-2015 <\/strong>P\u00e9csi Tudom\u00e1nyegyetem M\u0171v\u00e9szeti Kar Doktori Iskola (DLA)&nbsp;\n<ul class=\"wp-block-list\">\n<li>Kutat\u00e1si t\u00e9ma: A tervez\u0151grafika hat\u00e1rter\u00fcletei &#8211; k\u00e9palkot\u00f3 tipogr\u00e1fia<\/li>\n<\/ul>\n<\/li>\n\n\n\n<li><strong>2003-2008 <\/strong>Magyar K\u00e9pz\u0151m\u0171v\u00e9szeti Egyetem, Budapest \n<ul class=\"wp-block-list\">\n<li>Szak diploma: Tervez\u0151grafikus m\u0171v\u00e9sz (MA) <\/li>\n\n\n\n<li>M\u00e1sod diploma: M\u0171v\u00e9szeti rajz \u00e9s m\u0171v\u00e9szett\u00f6rt\u00e9net szakos k\u00f6z\u00e9piskolai tan\u00e1r (MA)&nbsp;<\/li>\n<\/ul>\n<\/li>\n\n\n\n<li><strong>2007 <\/strong>Universitat Politechnica de Valencia, Spanyolorsz\u00e1g&nbsp;<\/li>\n\n\n\n<li><strong>1999-2003 <\/strong>P\u00e9csi M\u0171v\u00e9szeti Szakk\u00f6z\u00e9piskola, P\u00e9cs \n<ul class=\"wp-block-list\">\n<li>Szak: Alkalmazott grafika&nbsp;<\/li>\n<\/ul>\n<\/li>\n<\/ul>\n\n\n\n<p class=\"has-medium-font-size\">D\u00cdJAK, KIT\u00dcNTET\u00c9SEK&nbsp;<\/p>\n\n\n\n<ul class=\"wp-block-list\">\n<li><strong>2011 <\/strong>Az \u00e9v honlapja k\u00fcl\u00f6nd\u00edj &#8211; mno.hu&nbsp;(Magyar Nemzet Online h\u00edrport\u00e1l)<\/li>\n\n\n\n<li><strong>2008 <\/strong>XVI. Orsz\u00e1gos Tervez\u0151grafikai Bienn\u00e1l\u00e9n, a Magyar Rekl\u00e1m Sz\u00f6vets\u00e9g d\u00edja<\/li>\n\n\n\n<li><strong>2008 <\/strong>Magyar Alkot\u00f3m\u0171v\u00e9szek Orsz\u00e1gos Egyes\u00fclete \u00e1ltal adom\u00e1nyozott MAOE Diplomad\u00edj<\/li>\n\n\n\n<li><strong>2007 <\/strong>Erasmus-\u00f6szt\u00f6nd\u00edj<\/li>\n\n\n\n<li><strong>2005 <\/strong>Barcsay d\u00edj <\/li>\n\n\n\n<li><strong>2003 <\/strong>Pro Talentum d\u00edj&nbsp;<\/li>\n<\/ul>\n\n\n\n<p class=\"has-medium-font-size\">&nbsp;KOR\u00c1BBI MUNKAHELYEK \/ MUNKATAPASZTALATOK&nbsp;<\/p>\n\n\n\n<ul class=\"wp-block-list\">\n<li><strong>V\u00e1llalat neve<\/strong>: Paks II. Atomer\u0151m\u0171 Zrt.&nbsp;\n<ul class=\"wp-block-list\">\n<li>Beoszt\u00e1s:<strong> <\/strong>Vezet\u0151 Kommunik\u00e1ci\u00f3s Szak\u00e9rt\u0151 2015 \u2013 2024.<\/li>\n<\/ul>\n<\/li>\n\n\n\n<li><strong>Int\u00e9zm\u00e9ny neve<\/strong>: P\u00e9csi Tudom\u00e1nyegyetem M\u0171v\u00e9szeti Kar&nbsp;\n<ul class=\"wp-block-list\">\n<li>Beoszt\u00e1s: M\u00e9dia- \u00e9s Alkalmazott M\u0171v\u00e9szeti Int\u00e9zet, Tervez\u0151grafika szakir\u00e1ny &#8211; \u00f3raad\u00f3 tan\u00e1r 2012 \u2013 2015.<\/li>\n<\/ul>\n<\/li>\n\n\n\n<li><strong>Int\u00e9zm\u00e9ny neve<\/strong>: P\u00e1zm\u00e1ny P\u00e9ter Katolikus Egyetem B\u00f6lcs\u00e9szet -\u00e9s T\u00e1rsadalomtudom\u00e1nyi Kar&nbsp;\n<ul class=\"wp-block-list\">\n<li>Beoszt\u00e1s: Kommunik\u00e1ci\u00f3 \u00e9s M\u00e9diatudom\u00e1nyi Tansz\u00e9k &#8211; \u00f3raad\u00f3 tan\u00e1r 2008 \u2013 2016.&nbsp;<\/li>\n<\/ul>\n<\/li>\n\n\n\n<li><strong>Int\u00e9zm\u00e9ny neve<\/strong>: P\u00e9csi M\u0171v\u00e9szeti Gimn\u00e1zium \u00e9s Szakk\u00f6z\u00e9piskola&nbsp;\n<ul class=\"wp-block-list\">\n<li>Beoszt\u00e1s: Alkalmazott grafika szaktan\u00e1r 2007 \u2013 2012.&nbsp;<\/li>\n<\/ul>\n<\/li>\n\n\n\n<li><strong>C\u00e9g neve<\/strong>: NAGYDESIGN Kft.\n<ul class=\"wp-block-list\">\n<li>Beoszt\u00e1s: \u00dcgyvezet\u0151 2007 \u2013 jelenleg is&nbsp;<\/li>\n<\/ul>\n<\/li>\n<\/ul>\n\n\n\n<p class=\"has-medium-font-size\">&nbsp;KI\u00c1LL\u00cdT\u00c1SOK&nbsp;<\/p>\n\n\n\n<p><strong>\u00d6n\u00e1ll\u00f3 ki\u00e1ll\u00edt\u00e1s&nbsp;<\/strong><\/p>\n\n\n\n<ul class=\"wp-block-list\">\n<li><strong>2013 <\/strong><em>Plak\u00e1tok \u00e9s plak\u00e1ttervek<\/em>, Bart\u00f3k B\u00e9la Kamarasz\u00ednh\u00e1z, Duna\u00fajv\u00e1ros&nbsp;<\/li>\n<\/ul>\n\n\n\n<p><strong>Csoportos ki\u00e1ll\u00edt\u00e1sok&nbsp;<\/strong><\/p>\n\n\n\n<ul class=\"wp-block-list\">\n<li><strong>2022 <\/strong><em>XXIII. Orsz\u00e1gos Tervez\u0151grafikai Bienn\u00e1l\u00e9<\/em>, Budapest<\/li>\n\n\n\n<li><strong>2022 <\/strong><em>Arany Rajzsz\u00f6g Ki\u00e1ll\u00edt\u00e1s, <\/em>Budapest<\/li>\n\n\n\n<li><strong>2018 <\/strong><em>XXI. Orsz\u00e1gos Tervez\u0151grafikai Bienn\u00e1l\u00e9<\/em>, Budapest<\/li>\n\n\n\n<li><strong>2015 <\/strong><em>Az intimit\u00e1st\u00f3l a k\u00f6zszf\u00e9r\u00e1ig, <\/em>M\u0171v\u00e9szetmalom, Szentendre&nbsp;<\/li>\n\n\n\n<li><strong>2015 <\/strong><em>DiLemmA, <\/em>M21 Gal\u00e9ria, P\u00e9cs&nbsp;<\/li>\n\n\n\n<li><strong>2014 <\/strong><em>XIX. Orsz\u00e1gos Tervez\u0151grafikai Bienn\u00e1l\u00e9<\/em>, Budapest<\/li>\n\n\n\n<li><strong>2014 <\/strong><em>Intertwined\/\u00d6sszefon\u00f3d\u00e1s, <\/em>M21 Gal\u00e9ria, P\u00e9cs&nbsp;<\/li>\n\n\n\n<li><strong>2014 <\/strong><em>DLA 2014<\/em>. P\u00e9csi Gal\u00e9ria, Sz\u00e9chenyi t\u00e9r, P\u00e9cs&nbsp;<\/li>\n\n\n\n<li><strong>2014 <\/strong><em>DLA Intro II. <\/em>re:public gal\u00e9ria, P\u00e9cs&nbsp;<\/li>\n\n\n\n<li><strong>2014 <\/strong><em>A Magyar K\u00e9pz\u0151m\u0171v\u00e9szek \u00e9s Iparm\u0171v\u00e9szek Sz\u00f6vets\u00e9g\u00e9nek, Tervez\u0151grafikus Szakoszt\u00e1lya&nbsp;tagfelv\u00e9telre javasolt tervez\u0151grafikus m\u0171v\u00e9szek ki\u00e1ll\u00edt\u00e1sa, <\/em>MKISZ Andr\u00e1si \u00fati sz\u00e9kh\u00e1z gal\u00e9ri\u00e1ja, Budapest&nbsp;<\/li>\n\n\n\n<li><strong>2013 <\/strong><em>DLA 2013., <\/em>N\u00e1dor Gal\u00e9ria, P\u00e9cs&nbsp;<\/li>\n\n\n\n<li><strong>2013 <\/strong><em>DLA Intro I. <\/em>re:public gal\u00e9ria, P\u00e9cs&nbsp;<\/li>\n\n\n\n<li><strong>2012 <\/strong><em>M\u0171hely Workshop <\/em>M21 Gal\u00e9ria, P\u00e9cs&nbsp;<\/li>\n\n\n\n<li><strong>2012 <\/strong><em>XVIII. Orsz\u00e1gos Tervez\u0151grafikai Bienn\u00e1l\u00e9<\/em>, B\u00e9k\u00e9scsaba-Budapest&nbsp;<\/li>\n\n\n\n<li><strong>2010 <\/strong><em>Tiposzalon ki\u00e1ll\u00edt\u00e1s <\/em>Viziv\u00e1rosi Gal\u00e9ria, Budapest&nbsp;<\/li>\n\n\n\n<li><strong>2010 <\/strong><em>XVII. Orsz\u00e1gos Tervez\u0151grafikai Bienn\u00e1l\u00e9<\/em>, B\u00e9k\u00e9scsaba-Budapest&nbsp;<\/li>\n\n\n\n<li><strong>2009 <\/strong><em>Plak\u00e1t ki\u00e1ll\u00edt\u00e1s <\/em>Paksi Gastro Blues Fesztiv\u00e1l, Paks &nbsp;<\/li>\n\n\n\n<li><strong>2009 <\/strong><em>Gyergy\u00f3sz\u00e1rhegyi nemzetk\u00f6zi m\u0171v\u00e9sztelep \u00e9s ki\u00e1ll\u00edt\u00e1s<\/em>, Gyergy\u00f3sz\u00e1rhegy RO&nbsp;<\/li>\n\n\n\n<li><strong>2009 <\/strong><em>Grafikai M\u0171v\u00e9sztelep, <\/em>M\u0171vel\u0151d\u00e9si H\u00e1z Gal\u00e9ria, J\u00e1szber\u00e9ny&nbsp;<\/li>\n\n\n\n<li><strong>2008 <\/strong><em>Graphifest a bet\u0171 renesz\u00e1nsza, <\/em>Design Termin\u00e1l, Budapest&nbsp;<\/li>\n\n\n\n<li><strong>2008 <\/strong><em>XVI. Orsz\u00e1gos Tervez\u0151grafikai Bienn\u00e1l\u00e9, <\/em>B\u00e9k\u00e9scsaba-Budapest&nbsp;<\/li>\n\n\n\n<li><strong>2008 <\/strong><em>Renesz\u00e1nsz 2008, <\/em>J\u00f3zsef Attila Klub, Budapest&nbsp;<\/li>\n\n\n\n<li><strong>2008 <\/strong><em>MKE Best of Diploma <\/em>MKE Barcsay Terem, Budapest&nbsp;<\/li>\n\n\n\n<li><strong>2006 <\/strong><em>XV. Orsz\u00e1gos Tervez\u0151grafikai Bienn\u00e1l\u00e9, <\/em>B\u00e9k\u00e9scsaba-Budapest&nbsp;<\/li>\n\n\n\n<li><strong>2006 <\/strong><em>European Identity International Poster Exhibition<\/em>, Pr\u00e1ga CZ&nbsp;<\/li>\n\n\n\n<li><strong>2005 <\/strong><em>Amadeus ki\u00e1ll\u00edt\u00e1s<\/em>, MKE Barcsay Terem, Budapest&nbsp;<\/li>\n\n\n\n<li><strong>2005 <\/strong><em>Testis\u00e9g a m\u0171v\u00e9szetben<\/em>, M\u00fa Sz\u00ednh\u00e1z, Budapest&nbsp;<\/li>\n\n\n\n<li><strong>2005 <\/strong><em>ARC \u00f3ri\u00e1splak\u00e1t ki\u00e1ll\u00edt\u00e1s<\/em>, Budapest Felvonul\u00e1s T\u00e9r&nbsp;<\/li>\n\n\n\n<li><strong>2005 <\/strong><em>Barcsay D\u00edj Ki\u00e1ll\u00edt\u00e1s<\/em>, MKE Aula, Budapest&nbsp;<\/li>\n<\/ul>\n\n\n\n<p class=\"has-medium-font-size\">SZAKMAI SZERVEZETI TAGS\u00c1G&nbsp;<\/p>\n\n\n\n<ul class=\"wp-block-list\">\n<li><strong>Szervezet neve: <\/strong>Magyar K\u00e9pz\u0151m\u0171v\u00e9szek \u00e9s Iparm\u0171v\u00e9szek Sz\u00f6vets\u00e9ge, Tervez\u0151grafika Szakoszt\u00e1ly, tag 2014-t\u0151l&nbsp;<\/li>\n<\/ul>\n\n\n\n<p class=\"has-medium-font-size\">REFERENCI\u00c1K&nbsp;<\/p>\n\n\n\n<p>Paks II. Atomer\u0151m\u0171 Zrt. | Atomix Kft. | P\u00e1zm\u00e1ny P\u00e9ter Katolikus Egyetem | Energetikai Szakk\u00f6z\u00e9piskola Paks | S\u00edk S\u00e1ndor K\u00f6nyvkiad\u00f3 | Bart\u00f3k B\u00e9la Kamarasz\u00ednh\u00e1z | Magyar Nemzet Online | B\u00fcntet\u00e9s-v\u00e9grehajt\u00e1s Orsz\u00e1gos Parancsnoks\u00e1ga | Szeksz\u00e1rdi Sportk\u00f6zpont Nkft. | Szeged-Csan\u00e1di Egyh\u00e1zmegye | Szk\u00e9n\u00e9 Sz\u00ednh\u00e1z | F\u00fcge produkci\u00f3 | P\u00e9csi Tudom\u00e1nyegyetem | Sempermed Magyarorsz\u00e1g Kft. | Navteq Maps | \u00d3hegyi Pinc\u00e9szet | Erzs\u00e9bet Nagy Sz\u00e1lloda | Paks V\u00e1ros \u00d6nkorm\u00e1nyzata<\/p>\n\n\n\n<p><\/p>\n\n\n\n<p class=\"has-medium-font-size\"><strong><em>About Me<\/em><\/strong><\/p>\n\n\n\n<p><em>My name is Tam\u00e1s\u00a0and I\u2019m a freelancer Senior Graphic Designer with 16 years of professional experience. <\/em><\/p>\n\n\n\n<p><\/p>\n","protected":false},"excerpt":{"rendered":"<p>R\u00d3LAM Nagy Tam\u00e1s vagyok, tervez\u0151grafikus m\u0171v\u00e9sz. Imm\u00e1r 16 \u00e9vnyi professzion\u00e1lis grafikusi tapasztalattal, nyitott vagyok szinte b\u00e1rmely tervez\u0151grafikai kih\u00edv\u00e1sra, online \u00e9s offline platformon egyar\u00e1nt. Legyen az log\u00f3, kis- \u00e9s nagy- arculattervez\u00e9s, DTP &#8211; nyomtatott kiadv\u00e1nyok tervez\u00e9se, prom\u00f3ci\u00f3s elemek tervez\u00e9se (pl.: sajt\u00f3fal, rollup, molin\u00f3, \u00e9p\u00fcleth\u00e1l\u00f3, beachflag, plak\u00e1tok, z\u00e1szl\u00f3k, standok, j\u00e1rm\u0171 matric\u00e1z\u00e1s, aj\u00e1nd\u00e9kt\u00e1rgyak, sz\u00f3l\u00f3aj\u00e1nd\u00e9kok) csomagol\u00e1stervez\u00e9s, c\u00edmke tervez\u00e9s, inf\u00f3grafika, &hellip; <a href=\"https:\/\/nagydesign.hu\/?page_id=53\" class=\"more-link\">Continue reading&lt;span class=&quot;screen-reader-text&quot;&gt; &quot;R\u00f3lam&quot;&lt;\/span&gt;<\/a><\/p>\n","protected":false},"author":1,"featured_media":0,"parent":0,"menu_order":0,"comment_status":"closed","ping_status":"closed","template":"","meta":{"footnotes":""},"class_list":["post-53","page","type-page","status-publish","hentry","even"],"_links":{"self":[{"href":"https:\/\/nagydesign.hu\/index.php?rest_route=\/wp\/v2\/pages\/53","targetHints":{"allow":["GET"]}}],"collection":[{"href":"https:\/\/nagydesign.hu\/index.php?rest_route=\/wp\/v2\/pages"}],"about":[{"href":"https:\/\/nagydesign.hu\/index.php?rest_route=\/wp\/v2\/types\/page"}],"author":[{"embeddable":true,"href":"https:\/\/nagydesign.hu\/index.php?rest_route=\/wp\/v2\/users\/1"}],"replies":[{"embeddable":true,"href":"https:\/\/nagydesign.hu\/index.php?rest_route=%2Fwp%2Fv2%2Fcomments&post=53"}],"version-history":[{"count":27,"href":"https:\/\/nagydesign.hu\/index.php?rest_route=\/wp\/v2\/pages\/53\/revisions"}],"predecessor-version":[{"id":769,"href":"https:\/\/nagydesign.hu\/index.php?rest_route=\/wp\/v2\/pages\/53\/revisions\/769"}],"wp:attachment":[{"href":"https:\/\/nagydesign.hu\/index.php?rest_route=%2Fwp%2Fv2%2Fmedia&parent=53"}],"curies":[{"name":"wp","href":"https:\/\/api.w.org\/{rel}","templated":true}]}}